-z**3 + 5*z**2 - 4*z - 5. Let g be h(4). Determine n(g).
-8
Let m(q) = -4*q - 3. Let t(z) = -4*z - 3. Let a(h) = 6*m(h) - 5*t(h). Give a(-2).
5
Let l be -3 + (0 + -3 - -2). Let f(k) = -4*k**3 - 12*k**2 + 15*k + 12. Let t(n) = -n**3 - 3*n**2 + 4*n + 3. Let g(p) = 2*f(p) - 9*t(p). Give g(l).
5
Let l(d) = 2*d + 7. Let o(s) = s - 1. Let b(k) = -8*k + 2. Let g be b(-2). Let j be (-2)/(-9) - 76/g. Let z be o(j). Give l(z).
-3
Let v(b) = 4*b**2 - b. Let x = 1 + 11. Suppose 2*z - x = -2*n, 4*z + 3*n + 2*n = 28. Suppose 2*y = -z*y - 4. Determine v(y).
5
Let f(v) = -v**3 + v. Let o(m) = -m**3 - 4*m**2 + 3*m + 3. Let c(q) = -2*f(q) + o(q). Give c(3).
-3
Let b(w) = w**2 - 3*w + 5. Let f(s) = 3*s**3 - s**2 - s + 3. Let y be f(1). Give b(y).
9
Suppose 0 = -b - 3*b + 4. Let p(h) = b - 1 - h. Let n(x) = 2*x - 1. Let g(k) = -n(k) - p(k). Calculate g(-5).
6
Let d(i) = -i + 2. Suppose 5*w = -3*x - 4, x - 4 = w - 0. Suppose -x*p = -4 - 0. What is d(p)?
0
Let b(w) = 2*w - 2. Let p be b(2). Suppose -d = 3*q + 5 + 7, 7 = -d - p*q. Let u(x) = -2*x + 3*x + 0*x. Determine u(d).
3
Suppose -2*i + 15 = -5*i. Let p(m) = -3*m**2 + 17*m - 3. Let o(r) = -2*r**2 + 9*r - 2. Let n(g) = 5*o(g) - 3*p(g). Determine n(i).
4
Let j = 22 + -21. Let l(t) = 6*t**3 + 3*t**2 + 6*t**2 + j + 2*t - 7*t**2. Let h be ((-1)/(-2))/1*-2. Calculate l(h).
-5
Let m(y) = 5*y**2 - y + 5. Let d(j) = -4*j**2 - 4. Let c(q) = 4*d(q) + 3*m(q). Determine c(-1).
1
Let r(d) be the second derivative of d**7/1260 - d**6/360 - d**5/30 + 5*d**4/12 + 7*d. Let n(v) be the third derivative of r(v). Give n(3).
8
Let t(o) be the second derivative of o**3/3 + 9*o**2/2 + 2*o. Let h be t(-6). Let q(s) = -2*s - 1. What is q(h)?
5
Let q(f) be the second derivative of f**3 + 1/2*f**2 + 1/12*f**4 + 0 - 3*f. Calculate q(-5).
-4
Let d(f) be the first derivative of -2*f**3/3 + 2*f**2 - f - 1. Give d(3).
-7
Let u(f) = 2*f + 5. Suppose -50*p + 25*p = -22*p. Give u(p).
5
Suppose -2*x + 3*y + 11 = 0, 3 = 6*x - 5*x - y. Suppose 4*u - 8 = -r, -3*r + 16 = 3*u + u. Let a(o) = -3 + 3*o - o - 3*o - r*o. Give a(x).
7
Let r(y) = 5*y - 1 - 5*y + y**2. What is r(-3)?
8
Let z(c) = -5*c + 4. Let q(o) = -o. Let t(g) = -6*q(g) + z(g). What is t(0)?
4
Let a(l) = -l**3 - l**2 + 3*l + 2. Suppose -6*k - 47 = -35. Calculate a(k).
0
Let k(n) = -n**2 - 5*n + 16. Let b(d) = d**2 + 5*d - 15. Let w(m) = 7*b(m) + 6*k(m). Give w(-7).
5
Let h(k) = 7*k. Let v(j) = j + 3. Let f be v(5). Let a be (-2)/(-3)*(-12)/f. Let u(x) = x + 2. Let s be u(a). Give h(s).
7
Suppose -4*t + 18 = -7*o + 2*o, 3*o - t = -8. Let z be 22/o - -2 - -3. Let c(b) = -b**2 - 6*b - 8. What is c(z)?
-8
Let m(s) = 3*s + 4. Suppose -8*j - 8 = -6*j. Determine m(j).
-8
Let u(g) = 0*g - 3*g + 9 + 3*g - g. Give u(7).
2
Let s(i) be the third derivative of i**5/60 - i**4/8 + i**3/3 + 21*i**2 + 2. Let v be 14/6 - (-4)/6. Calculate s(v).
2
Let j(z) = -z + 5. Let o be (-87)/(-15) - 8/10. Suppose 3*c - 10 + 4 = 0. Let u be (-28)/(-5) + c/o. Give j(u).
-1
Let v(q) = -q**3 + 2*q**2 + 4. Let o(i) = i**3 + i**2 - i + 3. Let g(h) = 1 + h + 0 - 6 + 0. Let u be g(5). Let a be o(u). Calculate v(a).
-5
Let v = 0 - 2. Let u be 0 - -2*2/2. Let h(m) = u*m - 2*m + 2 - m**2. Calculate h(v).
-2
Let k(n) = -n**2 + 3*n + 2. Let v(a) be the first derivative of a**4/4 + 10*a**3/3 - 11*a**2/2 + 3*a - 1. Let c be v(-11). What is k(c)?
2
Let a(n) be the third derivative of -n**4/8 + n**3/6 + 14*n**2. What is a(1)?
-2
Let w(p) be the third derivative of -p**6/120 + 7*p**5/60 - 5*p**4/24 - 5*p**3/6 - 136*p**2. Let y = 16 - 10. Calculate w(y).
1
Let t(z) = 3*z**2 - 2*z - 1. Let o(d) = 0*d**2 + 3*d - 1 - 5*d + d**2 + d. Let l(g) = -4*o(g) + t(g). Give l(4).
-5
Let h(s) = -s**2 - 4*s + 4. Let k be (1 + (-2)/(-4))*-4. Let g be 30/8*(-16)/k. Suppose -4*a - g = 6. Determine h(a).
4
Let p(r) = -7*r**2 + 6*r - 4. Suppose -3 = 4*i - i. Suppose -3*n + 8 = -5*u, 5*n = -u - 7 + 39. Let m(d) = -d**2. Let w(f) = i*p(f) + n*m(f). What is w(5)?
-1
Let c(j) be the second derivative of 0 + 1/60*j**5 + 0*j**3 - 3*j - 1/720*j**6 + 0*j**2 + 1/12*j**4. Let m(x) be the third derivative of c(x). Determine m(-4).
6
Let d(q) = 3*q - 4*q**2 - q + 4*q + 5*q**2 - 3. What is d(-6)?
-3
Let z be 9/2 - (-12)/(-8). Let y(u) = 2 - 2 + 1 + 3*u - 2*u. Determine y(z).
4
Let j(r) be the third derivative of -r**4/8 + 3*r**3/2 + 7*r**2. Calculate j(6).
-9
Let i(b) = -2*b**2 + 2*b + 2. Let f(m) be the third derivative of -m**4/24 - m**3/3 + 2*m**2. Let r be f(-3). Let a be (-4 - -3)*(-1 - r). What is i(a)?
-2
Let x(l) = -7. Let j(v) = 6. Let s(b) = 6*j(b) + 5*x(b). Let k(n) = n**2 + 4*n - 10. Let d(g) = k(g) + 3*s(g). Let m = -4 + -2. What is d(m)?
5
Let w = 2 + 11. Suppose -2*g - 3*b + 14 = 0, 0 = -2*g - 4*b + 5 + w. Let u(t) = t**3 - t**3 - t**3 + t + 0*t**3. Calculate u(g).
0
Let b(y) be the second derivative of y**5/30 - y**4/12 + y**3/3 + 3*y**2/2 + 3*y. Let d(n) be the first derivative of b(n). What is d(2)?
6
Let d(k) = 7*k**3 + k**2 + 4*k + 3. Let s(r) = 15*r**3 + 3*r**2 + 9*r + 6. Let f(o) = -13*d(o) + 6*s(o). What is f(3)?
21
Suppose -z - 4 = z. Let f(m) = -40 + 22 + 20 + m. Give f(z).
0
Let b(r) = -7*r**2 + 1. Let m(s) = -8*s**2 + 1. Suppose -x - 23 + 27 = 0. Let u(i) = x*m(i) - 5*b(i). What is u(1)?
2
Let b(a) be the first derivative of -a**4/4 - 5*a**3/3 - 7*a**2/2 - 5*a + 1. Let v be (2*1)/(3/(-6)). Determine b(v).
7
Let c(s) = -s - 14. Suppose 31 - 15 = -2*a. Give c(a).
-6
Let l(w) = 3*w - 2 - 3 + 4 + 0. Let s(m) = -2*m**2 - 5*m - 5. Let p(z) = z**2 + z + 1. Let t(g) = 3*p(g) + s(g). Let u be t(3). What is l(u)?
2
Let z(s) = 3 - 4 - s + 0 + 2. Suppose 3*w - 1 = -10. Let l be z(w). Let d(c) = -c**3 + 5*c**2 - 6*c + 3. Calculate d(l).
-5
Let r(u) = -2*u - 6. Let v be (-9)/(-3) + 1 - 2. Let m be (v/(-4))/((-8)/(-64)). Give r(m).
2
Let q(h) = 4*h + 9*h + 18 + h - 17. Calculate q(-1).
-13
Let y(g) = g - 1. Let i = -20 - -29. Let v = 7 - i. Give y(v).
-3
Let f(c) be the second derivative of -c**4/12 - 7*c**3/6 + 11*c**2/2 - 5*c. Determine f(-8).
3
Let t = 5 - 5. Let v(g) = g**3 - 12. Determine v(t).
-12
Let r(p) = -p - 8. Let y be r(-9). Let u(j) = 2*j + 1. Give u(y).
3
Let m = -2147/12 + 179. Let w(g) be the third derivative of 1/120*g**6 + 2*g**2 - 1/2*g**3 + 0 - 1/30*g**5 + 0*g + m*g**4. What is w(2)?
1
Let x(q) = -q**2 - 1. Let l(k) be the first derivative of k**4/4 + k**3/3 - k + 2. Let p be l(1). Give x(p).
-2
Let q(g) = -1. Let b(h) = 6*h + 10. Let i(k) = -b(k) - 12*q(k). Determine i(2).
-10
Let x = 74 + -73. Let t(a) = 2*a**2 + 1. Calculate t(x).
3
Let l(w) = -3*w**3 - w**2 - w + 1. Let u(h) = 2*h - 6. Let x be u(5). Let q = x + -1. Let b = 4 - q. Give l(b).
-4
Let n(x) be the second derivative of x**3/6 + 11*x**2/2 + 3*x. Let p(a) = a**3 + 2*a**2 + 2*a - 2. Let k be p(-2). Give n(k).
5
Let v(j) = j - 2. Let u = 7 - 2. Suppose 3*i - 1 - 3 = u*r, 5*r = 2*i - 1. What is v(r)?
-1
Let p(m) = -19*m**2 + 15*m - 2. Let j(l) = -9*l**2 + 7*l - 1. Let v(w) = 5*j(w) - 2*p(w). Let a(n) = -11*n**2 + 7*n - 2. Let r(t) = 5*a(t) - 8*v(t). Give r(6).
4
Let n be (-3 - 0) + 1 + 3. Let d(f) = f**2 + f**2 + n - 14*f**3 + 3*f - 5*f - f**2. What is d(1)?
-14
Let x(o) = o**2 + 2*o - 7. Let c(q) = q**2 - 6*q + 20. Let w(a) = 2*a**2 - 6*a + 20. Let l(m) = -5*c(m) + 4*w(m). Let p(y) = -6*l(y) + 17*x(y). What is p(-4)?
-7
Let b(c) = -c**2 + 3. Suppose -5*d + 35 + 5 = 0. Let n be (-3)/2*d/(-12). Let y be (-1)/((-1)/(-3)*n). Give b(y).
-6
Let n(k) be the second derivative of 1/6*k**3 + 0 + 6*k + 0*k**2 + 0*k**4 - 1/20*k**5. Give n(-1).
0
Let w be (-4 + 3)*1*(-2 - 0). Let p(v) = -4*v - 2. Give p(w).
-10
Let i(o) = o**2 + 9*o + 10. Suppose 6*x - 3*x + 21 = 0. Give i(x).
-4
Let t(y) = -8*y. Suppose 5*r - 5*p - 50 = 0, -3*r = -2*r + 3*p - 6. Suppose 0 = 4*o + 7 + r. Let g be (2/o)/((-3)/(-6)). Determine t(g).
8
Let j be (-1)/(-2)*(10 + -10). Let q(m) = -10*m + 34. Let t(i) = 3*i - 11. Let r(p) = -2*q(p) - 7*t(p). Calculate r(j).
9
Let l(n) = -n**2 + 4*n + 3. Suppose 0 = 5*r + 2*d + 5, -r + 2*r - 16 = 3*d. Let u = r - 1. Let w = u + 5. Calculate l(w).
-2
Let t(v) = -v**2 - 4*v - 3. Let q be t(-3). Let o = 4 + q. Let b(k) = o*k**2 - k**3 + 7*k - 2 + 0 - 5*k. Determine b(3).
13
Suppose 9*t + 13 = 22*t. Let r(x) = 13*x**2 - x + 1. What is r(t)?
13
Let x = -17 + 11. Let l = 1 + x. Le